6 is divided by 74.
72
Calculate the remainder when 2600567 is divided by 679.
676
Calculate the remainder when 238 is divided by 220.
18
Calculate the remainder when 3262 is divided by 648.
22
What is the remainder when 3085 is divided by 760?
45
What is the remainder when 577 is divided by 7?
3
What is the remainder when 258164 is divided by 91?
88
Calculate the remainder when 4012 is divided by 376.
252
Calculate the remainder when 5985 is divided by 5908.
77
What is the remainder when 212121 is divided by 4513?
10
What is the remainder when 57576 is divided by 397?
11
What is the remainder when 126006 is divided by 179?
169
What is the remainder when 180604 is divided by 93?
91
What is the remainder when 964283 is divided by 32?
27
What is the remainder when 69510 is divided by 13?
12
Calculate the remainder when 70227 is divided by 10.
7
What is the remainder when 23479 is divided by 79?
16
Calculate the remainder when 178727 is divided by 23.
17
Calculate the remainder when 14093 is divided by 732.
185
What is the remainder when 27059 is divided by 220?
219
What is the remainder when 149591 is divided by 542?
541
What is the remainder when 4652 is divided by 97?
93
Calculate the remainder when 1648 is divided by 748.
152
Calculate the remainder when 18879 is divided by 9416.
47
What is the remainder when 28931 is divided by 345?
296
Calculate the remainder when 367045 is divided by 28.
21
What is the remainder when 2302 is divided by 499?
306
Calculate the remainder when 279897 is divided by 100.
97
What is the remainder when 33993 is divided by 1?
0
Calculate the remainder when 1764 is divided by 21.
0
What is the remainder when 20445 is divided by 23?
21
What is the remainder when 6626 is divided by 303?
263
Calculate the remainder when 2901 is divided by 865.
306
What is the remainder when 8526 is divided by 2831?
33
Calculate the remainder when 49518 is divided by 9900.
18
What is the remainder when 1665 is divided by 110?
15
What is the remainder when 97941 is divided by 106?
103
Calculate the remainder when 236628 is divided by 83.
78
What is the remainder when 755 is divided by 416?
339
Calculate the remainder when 2476 is divided by 145.
11
What is the remainder when 969837 is divided by 779?
761
Calculate the remainder when 946253 is divided by 19.
15
What is the remainder when 123726 is divided by 10?
6
Calculate the remainder when 3988 is divided by 38.
36
Calculate the remainder when 29304 is divided by 29300.
4
Calculate the remainder when 1128 is divided by 33.
6
Calculate the remainder when 3806 is divided by 1225.
131
What is the remainder when 33099 is divided by 73?
30
What is the remainder when 2943 is divided by 197?
185
Calculate the remainder when 1993 is divided by 982.
29
What is the remainder when 2919 is divided by 153?
12
Calculate the remainder when 24568 is divided by 982.
18
What is the remainder when 1519 is divided by 115?
24
What is the remainder when 2128 is divided by 330?
148
Calculate the remainder when 5690 is divided by 1814.
248
What is the remainder when 7191 is divided by 554?
543
What is the remainder when 64708 is divided by 2311?
0
What is the remainder when 24907 is divided by 371?
50
Calculate the remainder when 20468 is divided by 4.
0
What is the remainder when 90403 is divided by 35?
33
What is the remainder when 31839 is divided by 1062?
1041
Calculate the remainder when 3584 is divided by 62.
50
What is the remainder when 71156 is divided by 924?
8
What is the remainder when 294590 is divided by 665?
660
Calculate the remainder when 454872 is divided by 575.
47
Calculate the remainder when 1085 is divided by 155.
0
What is the remainder when 93291 is divided by 20?
11
What is the remainder when 709525 is divided by 483?
481
Calculate the remainder when 84 is divided by 66.
18
Calculate the remainder when 1016021 is divided by 10.
1
What is the remainder when 1180645 is divided by 85?
80
What is the remainder when 129227 is divided by 43074?
5
Calculate the remainder when 24006 is divided by 49.
45
Calculate the remainder when 1099119 is divided by 49.
0
Calculate the remainder when 1719 is divided by 215.
214
Calculate the remainder when 9650 is divided by 70.
60
Calculate the remainder when 72257 is divided by 469.
31
Calculate the remainder when 606954 is divided by 1027.
1024
What is the remainder when 113031 is divided by 71?
70
What is the remainder when 1843 is divided by 186?
169
What is the remainder when 15810 is divided by 163?
162
What is the remainder when 3887 is divided by 235?
127
Calculate the remainder when 27570 is divided by 121.
103
What is the remainder when 2019 is divided by 37?
21
Calculate the remainder when 81051 is divided by 92.
91
What is the remainder when 583030 is divided by 38?
34
What is the remainder when 4431 is divided by 82?
3
Calculate the remainder when 56444 is divided by 49.
45
Calculate the remainder when 1964 is divided by 179.
174
What is the remainder when 20789 is divided by 805?
664
What is the remainder when 483202 is divided by 601?
599
Calculate the remainder when 1456 is divided by 14.
0
Calculate the remainder when 9545 is divided by 69.
23
What is the remainder when 8632 is divided by 358?
40
Calculate the remainder when 57133 is divided by 292.
193
Calculate the remainder when 2745 is divided by 392.
1
Calculate the remainder when 307730 is divided by 21.
17
What is the remainder when 144157 is divided by 1076?
1049
Calculate the remainder when 146173 is divided by 73056.
61
What is the remainder when 3354 is divided by 470?
64
What is the remainder when 1768 is divided by 1759?
9
Calculate the remainder when 2550 is divided by 28.
2
What is the remainder when 3271 is divided by 72?
31
What is the remainder when 51482 is divided by 62?
22
What is the remainder when 605249 is divided by 90?
89
What is the remainder when 637703 is divided by 318844?
15
What is the remainder when 17257 is divided by 8596?
65
Calculate the remainder when 247674 is divided by 123820.
34
Calculate the remainder when 213672 is divided by 231.
228
What is the remainder when 61256 is divided by 562?
560
What is the remainder when 214649 is divided by 75?
74
Calculate the remainder when 1661 is divided by 238.
233
Calculate the remainder when 3075238 is divided by 735.
733
Calculate the remainder when 12300 is divided by 457.
418
Calculate the remainder when 12092 is divided by 3984.
140
Calculate the remainder when 10502 is divided by 5145.
212
Calculate the remainder when 55160 is divided by 166.
48
Calculate the remainder when 1989 is divided by 1981.
8
What is the remainder when 11376 is divided by 1419?
24
Calculate the remainder when 222195 is divided by 992.
979
What is the remainder when 14832 is divided by 1853?
8
Calculate the remainder when 81038 is divided by 297.
254
What is the remainder when 98150 is divided by 6541?
35
What is the remainder when 16766 is divided by 523?
30
What is the remainder when 5552 is divided by 311?
265
Calculate the remainder when 2924 is divided by 1037.
850
Calculate the remainder when 18132 is divided by 1076.
916
What is the remainder when 1876608 is divided by 209?
206
What is the remainder when 28157 is divided by 320?
317
What is the remainder when 1506 is divided by 1410?
96
Calculate the remainder when 9442 is divided by 201.
196
What is the remainder when 3908 is divided by 134?
22
What is the remainder when 61832 is divided by 149?
146
What is the remainder when 67575 is divided by 6?
3
Calculate the remainder when 151829 is divided by 6.
5
What is the remainder when 1469 is divided by 475?
44
What is the remainder when 726 is divided by 687?
39
Calculate the remainder when 19085 is divided by 110.
55
Calculate the remainder when 6579 is divided by 735.
699
What is the remainder when 13602 is divided by 175?
127
What is the remainder when 20457 is divided by 97?
87
Calculate the remainder when 385 is divided by 235.
150
Calculate the remainder when 246306 is divided by 317.
314
What is the remainder when 69268 is divided by 87?
16
Calculate the remainder when 10185 is divided by 3359.
108
What is the remainder when 15615 is divided by 3896?
31
Calculate the remainder when 1889 is divided by 599.
92
What